nits digit of (y/91)/(u/(-28))?
2
Suppose 3*x = 242 + 115. What is the hundreds digit of x?
1
Suppose -5*k + 10 = 45. Let m = -28 - k. Let r = m + 32. What is the tens digit of r?
1
Let r(n) = -11*n - 1. Let w be r(1). Suppose 2*f - 225 = -3*f. Let y = f + w. What is the tens digit of y?
3
Suppose -2*r - r + 4*y + 7 = 0, 4*r - 5*y = 10. Let d be r + (-2)/(-4)*-6. Suppose 5*v + 32 = d*g + v, -2*v + 8 = 0. What is the tens digit of g?
2
Suppose 6*b = 63 + 111. Let k = b - 17. Suppose -4*l = -k, -48 = -3*h + 5*l - 3. What is the units digit of h?
0
Suppose 0 = 4*t + i + 67, -4*i = -3*i + 3. Let s = 59 + t. What is the tens digit of s?
4
Let j(o) = o**2 + 4*o - 3. Let a be j(-5). Suppose 0 = -t - 3*g - 7, -2*g = -2*t - a*t + 28. What is the units digit of t?
5
Let a be (-52)/(-4)*-1 + 4. Let f = -9 - a. Suppose f = -2*z + 40 + 34. What is the units digit of z?
7
Let k = -14 - -17. Suppose -15 = -k*x + 174. What is the units digit of x?
3
Let q(b) = -b**3 + 18*b**2 - 17*b - 17. Let x be q(18). Let y = x + 513. What is the tens digit of y?
9
Suppose 5*v + 20 = -5*o, -4 = 5*o - 5*v + 6. Let d be 120/18 + (-1)/o. Suppose x + d*q - 21 = 2*q, 0 = 3*x - 2*q - 29. What is the tens digit of x?
1
Suppose 3*p = 2*b - 170, 0*p + 5*b = -2*p - 107. What is the units digit of p/(-70) + (-121)/(-5)?
5
What is the hundreds digit of -1 + 501 + (-14)/7 + -2?
4
Suppose 0 = 2*v - 2*x + 8 - 460, 3*x = -v + 234. Suppose -7*c + 3*c + v = 0. What is the tens digit of c?
5
Suppose -b + 21 = 2*b. Suppose -b*t = -3*t - 840. What is the tens digit of t?
1
What is the tens digit of (-1805)/(-7) - (45/63)/(-5)?
5
Suppose 7128 = 19*l + 5*l. What is the tens digit of l?
9
Suppose -10 + 2 = r. Suppose 5*u = -5 - 0. What is the units digit of (r - -5)*(u + -2)?
9
Suppose 2*u + r + 161 = 2*r, 2*r = 2*u + 160. Let q be (-2)/(-9) - 306/u. Suppose 2*f - f - 137 = -2*t, q*f + 82 = t. What is the tens digit of t?
7
Suppose 3*o - 11 = -5. What is the units digit of (-2)/5*(-300)/o?
0
Let q(g) = -373*g - 130. What is the thousands digit of q(-4)?
1
Let s be (-621)/(-36) + (-6)/(-8). Let f = -4 + s. Let p = f - 8. What is the units digit of p?
6
What is the tens digit of ((-17304)/(-48))/(6/84)?
4
Let l = -8 + 10. Suppose 0 = 2*q + 2, l*h - 3 = q - 2*q. Suppose h*m = 7*m - 85. What is the tens digit of m?
1
Let i(m) = -m**2 - 6*m - 4. Let q be i(-4). Suppose -q*c = 10 + 6. Let w(z) = -2*z - 5. What is the units digit of w(c)?
3
Let k = 1101 - 568. What is the hundreds digit of k?
5
Let r(x) = x - 17. Let c be r(12). What is the tens digit of (30/c - -2) + 143?
3
Let r(y) = 1. Let v(q) = q**2 + 8*q - 12. Let j(d) = 14*r(d) + 2*v(d). Let c(t) be the first derivative of j(t). What is the units digit of c(7)?
4
Suppose -4*y = q - 8107, -4*q - 8092 = -7*y + 3*y. What is the units digit of y?
6
Let w be 1559/9 + (-4)/18. Suppose w - 5 = 2*q. What is the tens digit of q?
8
Suppose -3*x + 4 = -x. Let w be 0 - (x + -3)*1. Suppose -w = 2*d + 9, -g + 32 = -d. What is the units digit of g?
7
Suppose -4*g = -5*r - 12898, -60*g = -57*g + 4*r - 9658. What is the hundreds digit of g?
2
Let q = 7 - -4. What is the tens digit of ((-1)/4*-1)/(q/13508)?
0
Let x(n) = n**3 + 14*n**2 + 10*n + 27. Let b be x(-13). Suppose 0 = -y + 4*k + b - 18, -5*y - 3*k = -240. What is the tens digit of y?
4
Let g = 468 + -244. Suppose -4*z - 38 = -t + z, 2*z = 4*t - g. What is the units digit of t?
8
Let o(p) = 34*p**2 + 9*p - 65. What is the tens digit of o(5)?
3
Suppose 54 = 13*q - 16*q. What is the tens digit of (-150)/q*(9 + -1 + 1)?
7
Let u(o) = -o + 26. Let s be u(0). Suppose 459 + s = 5*f. Suppose -5*g - 7 = -f. What is the tens digit of g?
1
What is the tens digit of 5/(-10) + 1617/6?
6
Let g = 383 - -2423. What is the tens digit of g?
0
Suppose 6*n = n - 5. Let r be 1 - (-2)/n - -3. Suppose -5*c + 43 = -q + 2*q, r*c = 4*q - 106. What is the units digit of q?
8
Suppose -220 = -2*n - 3*n + 5*f, -4*n - f + 196 = 0. What is the units digit of n?
8
Let n(g) = -g**3 - 4*g**2 - 2*g + 3. Let d be n(-3). Let o(j) = -5*j**3 - 30*j**2 + 29*j**2 + 22 + 4*j**3 - j. What is the tens digit of o(d)?
2
Suppose -2*k = -4*t + 11000, 36*k = t + 39*k - 2757. What is the tens digit of t?
5
Suppose -3*l + 21*w = 25*w - 1614, 2690 = 5*l - 5*w. What is the hundreds digit of l?
5
Let k(f) = 2*f**2 + 5*f + 11. Let w(y) = y**3 - 9*y**2 - 6. Suppose -4*i + 9 = -3*i. Let u be w(i). What is the tens digit of k(u)?
5
Let t(z) = -9*z - z**3 - 4 + 22*z**2 + 29*z**2 - 35*z**2. What is the tens digit of t(15)?
8
Let x be -1 - (0 - 1) - -2. Suppose -6*f = -2*u - x*f + 44, 5*f = 0. What is the tens digit of u?
2
Suppose 6*g = 5*g - 5. Let q = g + 11. What is the units digit of ((-2)/(-5))/(q/120)?
8
Suppose 29 = 2*l - 71. Suppose 4*c - 3*u = 2*c + 30, 0 = 3*c - 2*u - l. What is the units digit of c?
8
Suppose -2*r + 9056 = 8*s - 9*s, 18108 = 4*r - s. What is the hundreds digit of r?
5
Suppose -5*d + 2*d = 0. Suppose d = -2*g + 2*b + 112, b = 2*g - 70 - 41. What is the tens digit of g?
5
Suppose 2*j - 3*x = -31, x + 0 + 5 = 0. Suppose -q + 141 = 3*u, 2*u - 5*u = -4*q - 141. Let b = j + u. What is the units digit of b?
4
Suppose -i = 3*f - 3813, -3*i + 3192 + 1887 = 4*f. What is the units digit of f?
2
What is the hundreds digit of (-29*12/(-9))/((-4)/(-42))?
4
Suppose 8*n - 15932 - 4098 = 2*q, -12524 = -5*n - 4*q. What is the tens digit of n?
0
Suppose -1012 - 1500 = -4*p - 4*i, 2 = 2*i. What is the tens digit of p?
2
Let b(k) = -2*k**2 - 2*k. Let x be b(-2). Let o be 0/(-4 + 3 + 3). What is the tens digit of 13 - o*(-2)/x?
1
Let m be (2 - -65) + (1 - -1). Suppose 4*u + m = 213. What is the units digit of u?
6
Suppose 4*u - 2*b + 5*b - 993 = 0, 3*b = 2*u - 483. Suppose 732 - u = 3*p. What is the hundreds digit of p?
1
Let t(w) = -300*w + 5. What is the units digit of t(-1)?
5
Let f(a) be the third derivative of -7*a**4/4 + a**3/3 + a**2 + 5*a. What is the hundreds digit of f(-7)?
2
Let t be 2/(-5) - 284/(-10). Suppose -6*l - t = -2*l. Let c(m) = -m - 4. What is the units digit of c(l)?
3
Let q = 4156 + -2170. What is the hundreds digit of q?
9
Suppose -14 = 38*d - 36*d. What is the tens digit of (-1 - d/6) + (-12495)/(-306)?
4
Let r(d) = 238*d**2 - d + 1. What is the units digit of r(1)?
8
Suppose -161283 = 59*p - 170*p. What is the thousands digit of p?
1
Let f be -105*(-4 - -7 - 9). Suppose 2*a = 4*w - f, -39 = -2*w - 3*a + 264. What is the units digit of w?
6
Suppose -3*f - 3 = j - 15, 5*f = 20. Suppose j = 5*o - 0*o - 5. Suppose -r = -o - 1. What is the units digit of r?
2
Let j(t) = -t**3 + 11*t**2 - 24*t - 69. What is the units digit of j(-9)?
7
Let c = 318 - 167. Suppose 4*a - 3*a - 258 = -5*d, -54 = -d - a. Suppose d = -5*o + c. What is the tens digit of o?
2
Suppose 8*s - 828 = 1516. What is the units digit of s?
3
Suppose -7*u + 1582 = -0*u. What is the units digit of u?
6
What is the units digit of (0 + -1)/((-1 + -3)/2604)?
1
Suppose -20*x + 21*x + 50 = 0. Let i = 80 + x. What is the tens digit of i?
3
Let f = 69 + -51. Suppose -3*n = a - 139, 4*a - 528 = -2*n + f. What is the units digit of a?
6
Let k(y) = -3*y - 2*y + 40 + 11*y - 2*y. What is the tens digit of k(6)?
6
Let q be 0/9*(-1)/4. Suppose -5*k + 2*a + q*a = -1726, 3*a = -5*k + 1736. What is the hundreds digit of k?
3
Suppose -5*m = g - 107, -3*m = -4*g + 355 + 119. What is the units digit of g?
7
What is the hundreds digit of (-3 + 5)/(-2)*(-615 + -2)?
6
Suppose 0 = -7*d + 9*d - 968. Suppose -4*p = 4*r - d, -2*p - 119 = -r - 4*p. What is the tens digit of r?
2
Suppose -11*r = -16*r + 1500. What is the tens digit of r?
0
Suppose -t - 115 + 546 = 0. Let k = t + -256. What is the units digit of k?
5
Let v be (-29)/9 + (-4)/(-18). Let m be ((-13)/2)/(v/6). Suppose -5*c - m + 53 = 0. What is the units digit of c?
8
Let i(n) = 5*n**3 - 3*n**2 + 29*n - 51. What is the hundreds digit of i(7)?
7
Let x(f) = -f**3 + 5*f**2 + 4*f - 1. Let b(k) = k**2 - 12*k + 17. Let r be b(10). What is the tens digit of x(r)?
5
Let y be 4*12/9*3. Let z(s) = -s**3 + 18*s**2 - 31*s + 11. What is the tens digit of z(y)?
2
Let v be (0 + 90)/((-48)/(-64)). Let s be (1 + -4)/((-12)/v). Suppose 77 - s = o. What is the units digit of o?
7
Let z = 12 + -12. Suppose -x + 4*v + 4 = -v, -x - 3*v - 36 = z. What is the un